uppose -392 - 960 = -n*p. What are the prime factors of p?
2, 13
Suppose -11*q = 149 - 182. Suppose -i + 23*k = 21*k - 173, -q*i - 4*k + 529 = 0. List the prime factors of i.
5, 7
Let g(t) = 4*t**2 - 33*t + 12. Let o be g(8). Suppose -435 = -5*l - o*d, 9*l - 2*d + 425 = 14*l. What are the prime factors of l?
83
Let k = 13 - 17. Let d be 994/(-7)*(-2)/k. Let n = 150 + d. List the prime factors of n.
79
Let k(m) = -3*m + 26. Let r be k(7). Suppose -10*c = -r*c - h - 1705, -3*c - 2*h = -1036. List the prime factors of c.
2, 3, 19
Let b(o) = 4 - 4 + 9 + o. List the prime factors of b(-1).
2
Let s(u) = 9*u + 56. Let i be s(-6). Let w be (0 - i/3) + 20/30. Suppose -4*j - 16 = w, 0 = 4*f - 7*f + 3*j + 786. What are the prime factors of f?
2, 3, 43
Suppose 17*r - 14 = 37. Suppose q + 3619 = 4*l, -r*l - 3*q + 4090 = 1372. List the prime factors of l.
5, 181
Let b(y) = -2*y + 15. Let h be b(6). Suppose 3*n - 1347 = 4*m + 2199, 5*n = -h*m + 5910. What are the prime factors of n?
2, 3, 197
Let q be 5/(2 + (-2)/(-4)). Suppose -o - 330 = -q*o. List the prime factors of o.
2, 3, 5, 11
Suppose -3*q + 2820 = 150*y - 149*y, 2*y = q + 5668. What are the prime factors of y?
2, 3, 59
Suppose 15*f = 19*f. Suppose f = 28*v - 32*v + 3088. What are the prime factors of v?
2, 193
Let o(c) = c**3 + 27*c**2 - 2*c + 30928. What are the prime factors of o(0)?
2, 1933
Suppose -5*i - 2845 = 2*s, -8*s + 11*s + 2845 = -5*i. Let m = i - -1183. What are the prime factors of m?
2, 307
Let b be (-4 + 12)*10/40. Suppose b*o - 236 = -r, 2*o - 354 = -o + 2*r. What are the prime factors of o?
2, 59
What are the prime factors of (164/(-6))/((-98)/(-1764))*(-77)/2?
2, 3, 7, 11, 41
Suppose 8 = 4*y, -2*j + 0*y = 2*y - 5458. Let k = j - 1900. List the prime factors of k.
827
Suppose c + 3 = 2*q - 8, -5*q + 2*c + 29 = 0. Suppose -2*v - 2363 = 2*b - q*b, -472 = -b + v. What are the prime factors of b?
11, 43
Suppose -605 = 35*k - 15620. Let i = 469 - k. What are the prime factors of i?
2, 5
Suppose -113 = -4*n - 9. Suppose -5*q + 0*q - 65 = 0. Let t = q + n. What are the prime factors of t?
13
Let h(c) = -1. Let l(o) = 4*o - 10*o - 30 - o - 12*o. Let r(z) = 6*h(z) + l(z). List the prime factors of r(-4).
2, 5
Let h(k) = 1946*k - 1047. List the prime factors of h(7).
5, 503
Let o(q) = q**3 + 13*q**2 - 23*q + 7. Let z be o(-12). Suppose 0 = -6*t + 119 + z. List the prime factors of t.
7, 13
Suppose -s + 2*s + 6 = 0. Let r(j) = 6*j + 41. Let d be r(s). Suppose d*p = -0*p + 350. What are the prime factors of p?
2, 5, 7
Suppose -6*o - k + 825 = -2*o, -410 = -2*o + 2*k. What are the prime factors of o?
2, 103
Let f(p) = 28*p**2 + 16*p - 24. Let w be f(-19). Suppose 9*m + 3*m + w = 0. Let b = -544 - m. List the prime factors of b.
271
Let m be 4/18 + 68*5/90. Suppose x - m = -x. Suppose -2 - x = -4*h, -5*h = 5*f - 480. List the prime factors of f.
5, 19
Let z(j) = 5*j**2 + 7*j - 11. Let k(t) = -11*t**2 - 13*t + 21. Let i(b) = -4*k(b) - 9*z(b). Suppose -4*o - 34 - 14 = 0. List the prime factors of i(o).
3
Let i(s) = 4*s**2 - 6*s - 1. Let r be i(2). Suppose -r*f + 10 = 2*f - 3*c, 3*f + 3*c = 30. Suppose f*k - 39 = 171. List the prime factors of k.
2, 3, 7
Let n be (8/(-12)*3)/(-1). Let x(l) = 6*l**2 + 9*l - 12. Let v(m) = -29*m**2 - 46*m + 58. Let k(s) = 2*v(s) + 11*x(s). What are the prime factors of k(n)?
2, 3, 5
Let j = -37 + 41. Let c be (-10)/j*11/((-33)/12). Let g(b) = -b**2 + 15*b - 7. List the prime factors of g(c).
43
Let p be 3/(-9)*-2 - 1892/(-6). Let x = p - -213. Suppose 3*t + 4*d - 545 = 0, t - 4*t + 4*d = -x. List the prime factors of t.
179
Let u = 662 + -658. Suppose -r - u*b + 792 = 0, r - 228 = -5*b + 566. What are the prime factors of r?
2, 7
Let t(n) = -8376*n - 271. What are the prime factors of t(-6)?
5, 13, 769
Let q(l) = -l**3 + 2*l**2 - 2*l + 1. Let x be q(2). Let z be 40/(-30)*x/2. Suppose -3*f - z = -38. What are the prime factors of f?
2, 3
Suppose 2*j - 69*v + 70*v - 40555 = 0, 0 = 5*j + 3*v - 101387. List the prime factors of j.
2, 10139
Suppose -18*n + 5922 = 3*n. Let o = 340 - n. List the prime factors of o.
2, 29
Let p(q) = q**3 + 28*q**2 - 28*q - 20. Let d be p(-28). Let y = d - 288. What are the prime factors of y?
2, 7, 17
Let n = -57 - -92. Let d = n + -31. List the prime factors of (14/d - 3) + 459/6.
7, 11
Let q = 10357 + -1439. List the prime factors of q.
2, 7, 13
Let f(y) = -387*y + 47. Let t(m) = 2*m - 1. Let k(w) = f(w) - 2*t(w). List the prime factors of k(-2).
3, 277
Let o(x) = -x**2 - 16*x - 46. Let b be o(-4). Suppose 5*f = -5*m + 10*m + 295, 286 = 5*f - b*m. What are the prime factors of f?
2, 7
Let k = 2 + 2. Suppose -31 = -3*x + k*c, -x - c = 2*c + 7. Suppose -x*l + 4*l = m - 66, 0 = 5*l - 2*m - 309. List the prime factors of l.
3, 7
Suppose q + 20 = 5*y - q, 0 = -2*y + 2*q + 2. Suppose -5*w - 3*a + y = 0, -4*a + 10 = -w + 2. Suppose 0*v - 6*v + 768 = w. List the prime factors of v.
2
Suppose 0 = -3*q - 3*p + 28098, 6*q + 9334 = 7*q + 5*p. What are the prime factors of q?
2, 43, 109
Suppose 4*c + 5*o = 19584, 0 = 5*c + 68*o - 71*o - 24480. List the prime factors of c.
2, 3, 17
Suppose 2*g - 3920 = -i + 1553, 21870 = 4*i - 3*g. What are the prime factors of i?
3, 1823
Let u be -4 - (-4 + 4) - -4 - 4. List the prime factors of 2581/4 - (u + 153/36).
3, 5, 43
Let v(g) be the third derivative of g**5/4 - g**4/3 - 19*g**3/6 + 89*g**2. List the prime factors of v(-7).
2, 193
Suppose -2*n + 166608 + 57252 = 12*n. What are the prime factors of n?
2, 3, 5, 13, 41
Let z(i) = 76*i**2 + 186*i - 2049. List the prime factors of z(32).
81727
Let c = -6703 - -11383. What are the prime factors of c?
2, 3, 5, 13
Suppose 0 = -2*t - 2*t + 20. Suppose -k + l = -t*k - 355, 3*k = 3*l - 270. What are the prime factors of k/1*(-2 + -2 + 3)?
89
Suppose -3474 = 4*g - 1218. What are the prime factors of (-14)/(-35)*15 + g/(-1)?
2, 3, 5, 19
Suppose x = -4*x - 4*x + 59229. List the prime factors of x.
6581
Suppose -2*i - 2*z = -503960, 58*z - 1259904 = -5*i + 54*z. What are the prime factors of i/160 + (-1)/(-10)?
3, 5, 7
Let v(t) = -t**3 - 25*t**2 - 23*t + 42. Let z be v(-24). List the prime factors of 21*(-5)/(-15)*z.
2, 3, 7
Let c = 26408 - 13749. What are the prime factors of c?
12659
Let t(v) = -159*v + 25. Let y be t(-11). Let f = y - 924. List the prime factors of f.
2, 5, 17
Let b be ((-20)/(-30))/((-2)/(-6)). Let q be b/((4/(-18))/(20/(-15))). Suppose 0 = 10*v - q*v + 134. What are the prime factors of v?
67
Let d(h) = 30*h**2 - 22*h + 44. What are the prime factors of d(15)?
2, 101
Let s(x) = -5*x + 24*x + 40*x + 1 - 2 + 21*x. What are the prime factors of s(9)?
719
Let k = 10347 + -4421. List the prime factors of k.
2, 2963
Let t = -27 + 393. Suppose -l = -6*y + y - 122, -2*y - t = -3*l. List the prime factors of l.
2, 61
Let f = 148 + 5856. Suppose d + 2*i + 3*i = 1187, f = 5*d + 2*i. What are the prime factors of d?
2, 601
Suppose -4*w = -102*g + 97*g - 19453, 3*w - 14546 = -5*g. What are the prime factors of w?
3, 1619
Suppose -35*z + 4855 = -25070. What are the prime factors of z?
3, 5, 19
Let t(h) = 4*h + 32. Let g be t(-6). Let x be (g/3)/((-3)/(-675)). Suppose -x = 7*i - 12*i. List the prime factors of i.
2, 3, 5
Suppose 12*j - 40 = 4*j. Let x be 0/(j/(3 - -2)). Suppose -v + 153 - 1 = x. What are the prime factors of v?
2, 19
Let t = 204 + -204. Suppose i - 640 = -0*i + 3*h, 5*i + 4*h - 3162 = t. What are the prime factors of i?
2, 317
Suppose 7*q = 19*r - 21*r + 390001, r - 167144 = -3*q. What are the prime factors of q?
3, 7, 379
Let r(u) = -u**3 - 29*u**2 - 6. Let f be r(-29). Let i(v) = 9*v**2 + 6*v + 17. List the prime factors of i(f).
5, 61
Let q be 2*((-12)/8)/(-1). Let t(f) = f - 57*f**2 + 1 + 56*f**2 + 0*f**q + 4*f**3. What are the prime factors of t(2)?
31
Let z = 468 + -464. Let a(i) = 102*i**2 - 24*i + 98. What are the prime factors of a(z)?
2, 19, 43
Let r(o) = 341*o**2 - 80*o - 612. List the prime factors of r(-8).
2, 3, 607
Suppose 19*o = 19692 + 463174. List the prime factors of o.
2, 97, 131
Let y be (3/(-6))/(4/(-120)). Suppose 4*i + y - 27 = 0. Suppose -3*f + 435 = -3*z, -5*f + 285 = -3*f + i*z. What are the prime factors of f?
2, 3
Suppose -3*t - 10 = -28. Let v be ((-5)/t - (-13)/39)*-20. Suppose v*k = 11*k - 39. List the prime factors